a - 15. Let f(c) = 11*i(c) + 2*s(c). What is the units digit of f(0)?
3
Let t = -3 + 3. Suppose -3*h + 0*l - 5*l + 40 = t, -5*h = -5*l - 80. What is the tens digit of h?
1
What is the tens digit of 24/(-2)*((-400)/12 + 2)?
7
Suppose 2*b = 4*b - 10. Suppose b*u + 3*g = 39 + 34, -5*u + 5*g = -105. What is the units digit of u?
7
Suppose -3*h + 2*h = -3*q + 179, -q - 4*h + 64 = 0. What is the units digit of q/8 - 1/2?
7
Let s = 8 - 5. Suppose 0*z = s*z - 9. Suppose -5*n + 56 = -2*m, -2*m - 65 = -5*n + z*m. What is the units digit of n?
0
Suppose c = -0*c + 5*d - 5, -5*c + 19 = -3*d. Suppose -2*x + c*j - 3*j + 68 = 0, 5*x - 140 = -5*j. What is the units digit of x?
1
Let h(m) = -4*m - 6. Let v be h(-6). Suppose -2*a = -5*a - v. Let x = a - -8. What is the units digit of x?
2
Let i = 14 - 9. Let l(p) = 4*p**2 + 8*p + p**3 - 2*p**3 + 0*p**3 - 4. What is the tens digit of l(i)?
1
Let r(y) = -5 - 3 + 1 + y. Let n be r(4). Let z = n + 5. What is the units digit of z?
2
Suppose -3*y = 2*y - 295. What is the tens digit of y?
5
Suppose 3*b = -5*c + 34, -24 = -3*c - 0*b - 3*b. Let n(g) = 2*g**3 - 3*g**2 - 4*g + 2. Let p be n(3). Let h = p - c. What is the units digit of h?
2
Let u(n) = -n**2 + n - 2. Let h be u(0). Let t be (-57)/(-3) + 3 + h. What is the units digit of (-1)/(-2) - t/(-8)?
3
Let x(h) = 2*h**2 - 12*h + 6. Let c be x(8). Let z = 60 - c. What is the tens digit of z?
2
What is the units digit of (-11)/((-44)/200) - -1?
1
Let y(t) = -t**2 + 4*t + 10. Let f be y(-4). Let m = f - -61. What is the tens digit of m?
3
Suppose 0 = r - 0*r - 3. Suppose 5*w + 68 = 4*u, w + 2*u + r + 5 = 0. What is the units digit of 44/6 + (-8)/w?
8
Suppose 3*i = 4*q - 2*i, 2*q = -2*i. Suppose 10 = 2*b + 4*k, 4*k - 6*k = q. What is the units digit of b?
5
Suppose 87 + 73 = 4*u. What is the tens digit of u?
4
Let d(g) = g**3 - 6*g**2 - 8. Let v be d(6). Let x = -2 - v. Suppose 3*r + 0*r = x. What is the units digit of r?
2
Let l be 0 - (4 + -1) - -5. Suppose -l*g + 24 = g. What is the units digit of g?
8
Let u(k) = 4 + 4 + 3*k + 4 - 6. What is the tens digit of u(7)?
2
Let m be 2*1 - (-3 - 0). Suppose -a - a + 2*l + 56 = 0, -m*a = -2*l - 146. What is the units digit of a?
0
Let k(m) = m**3 - 7*m**2 + 11*m - 6. Let z be k(5). What is the tens digit of -1 + 47 - (z - -4)?
4
Suppose -n = -5*n - 44. Let o(h) = -2*h - 8. What is the units digit of o(n)?
4
Suppose -1 = o - 2. Suppose -5*k - 5*f - o = 4, 3*f + 31 = 4*k. Suppose -2*y = -k*u - 2, 5*u + 30 = -4*y + 73. What is the units digit of y?
7
Let d(x) = 2*x**2 + 3*x - 3. Suppose 7*t - 4 = 5*t. What is the tens digit of d(t)?
1
Let a = 1 + -5. Let v = 8 + a. Let r(g) = g - 1. What is the units digit of r(v)?
3
Let x(b) = b**3 + 6*b**2 + 6*b + 7. Let w be (5/3)/(4/(-12)). Let p be x(w). Suppose 2*u - 14 = -0*u - 4*l, 5*l = -p*u + 15. What is the units digit of u?
5
Let x(z) = -7*z - 3. Let w be x(-2). Suppose w = 5*s - 19. What is the units digit of s?
6
Let r(w) = 14*w - 10. What is the tens digit of r(4)?
4
Suppose 0 = -3*i + r + 21, -4*i + r + 24 = -5. What is the units digit of i?
8
What is the tens digit of ((-4)/5)/(4/(-170))?
3
Let w(y) = -3*y - 2. Let o be w(-4). Let x be (-32)/(-14) + o/(-35). Suppose 0*s = -5*f + s + 30, 4*f - 24 = -x*s. What is the units digit of f?
6
What is the units digit of ((-8)/(-4))/(10/355)?
1
Let o(n) = 7*n**3 - 2*n**2 + 2*n - 2. What is the units digit of o(2)?
0
Let d(b) be the second derivative of -b + 2*b**2 - 1/6*b**3 + 0. What is the units digit of d(-9)?
3
Let u(t) = -t**3 - 4*t**2 + 4. Let y be u(-3). Let q(a) = a**3 + 5*a**2 - 4*a - 3. What is the tens digit of q(y)?
1
Let z(h) = h - 4. Let t be z(4). Suppose 2*q - q + s = 47, -5*q + 2*s + 228 = t. Suppose -q = -5*y - 1. What is the units digit of y?
9
Let z(t) = -t + 3 + 8 + t**3 + 0*t - t**2. What is the tens digit of z(0)?
1
Let b = 246 - 143. What is the tens digit of b?
0
Let m(j) = -j**3 + 18*j**2 - 24*j + 18. What is the units digit of m(16)?
6
Let f = -14 + 55. What is the units digit of f?
1
Let s(r) = r**2 - 2*r - 1. What is the units digit of s(3)?
2
What is the units digit of 94 - (1 + 1 - 1)?
3
Let a(p) = 13*p**2 + 14*p + 1. What is the units digit of a(-4)?
3
What is the units digit of ((-54)/(-15))/(6/40)?
4
Let p be 1 - (-1 + 0 + 0). Suppose -p*c = 2*c - 148. Suppose 3*z - 5*a - c = -0*z, 0 = -4*z + 5*a + 41. What is the units digit of z?
4
Let d be (10/3)/(1/3). Suppose -c = c - d. Suppose 10 = c*b - 5. What is the units digit of b?
3
Suppose 2*c = 3*s + 1, 3*c + 6 = -7*s + 4*s. Suppose 1 = d - 5*p - 9, 2*d = 3*p + 27. Let x = c + d. What is the tens digit of x?
1
Suppose 3*d - 10 = 4*c - 5*c, -5*d + 26 = -3*c. What is the units digit of d?
4
Suppose -4*y + 0 = -4. What is the units digit of y?
1
Let i = -2 - -36. Let j = i + -10. What is the tens digit of j?
2
Let n be (10/6)/((-2)/24). Let z = 40 + n. Suppose -t + 5*t = z. What is the units digit of t?
5
Let b(q) = q**2 - 9*q + 25. What is the tens digit of b(7)?
1
Let z(v) = v**3 + 8*v**2 + 6. What is the units digit of z(-8)?
6
Suppose 3 = h - 0*h. Suppose 2*b - 73 = -5*j, j + 0*b = h*b + 18. What is the units digit of j?
5
Suppose 5*w - x - 4*x = 0, -18 = -3*w - 3*x. Let r(d) = 0*d + 2*d - d - w*d. What is the units digit of r(-4)?
8
Let x(t) = t**3 + 2*t**2 - 2*t - 1. Let g be x(-2). Let i(u) = -u - 2 + g + 0. What is the units digit of i(-1)?
2
Let z(b) = -b**3 - 7*b**2 - b - 7. Let d be z(-7). Let w = d - -2. What is the units digit of (-152)/(-4)*1/w?
9
Let u be -1 + 0 - -1 - -3. Suppose 5*t - j - 5 - 10 = 0, 5*j + 19 = -u*t. What is the units digit of -1 + t*(-9)/(-6)?
2
Suppose -2*k + 93 = k. Let p = 47 - k. What is the tens digit of p?
1
Let o(l) = 11*l - 1. What is the tens digit of o(3)?
3
Let p be ((-3)/5)/((-10)/50). What is the tens digit of (1 - 17/(-3))*p?
2
Suppose -5*i + 49 + 6 = 0. What is the tens digit of i?
1
Let i(c) = 7*c**2 + 4*c - 4. Let m be i(5). Suppose -m = 5*w + 2*l, w + 5*l = 4*w + 127. Let q = -23 - w. What is the units digit of q?
6
Let n(r) = -23*r + 30. What is the tens digit of n(-7)?
9
Suppose 0*n + n - 2 = 0, 5*y - 8 = -4*n. Suppose 3*s + y = 15. What is the units digit of s?
5
Let c = 5 + -10. Let u = 5 + c. Let x = 19 - u. What is the units digit of x?
9
Suppose z - 2*z + 4 = 0. Let y be (-3)/((-18)/(-20))*30/(-5). Suppose -y = -i - z*i. What is the units digit of i?
4
Suppose -46 = -a + 151. What is the hundreds digit of a?
1
Let u(o) = 3*o**2 - 2*o - 2. Let l be u(-3). Let z = l - 45. Let x = z + 21. What is the units digit of x?
7
What is the units digit of (-1)/((-6)/460*(-20)/(-24))?
2
Suppose 0 = z - 3 - 1. Let c be (0/4)/(z/(-2)). Suppose c = -0*p + 2*p - 12. What is the units digit of p?
6
Suppose 625 = 5*l + 95. What is the hundreds digit of l?
1
Suppose -200 = -2*s - 122. What is the tens digit of s?
3
Let h be 2/(-6) - 210/(-9). Let c = h - 17. What is the units digit of c?
6
Let r be (-2)/1 + (0 - -3). Suppose h - r = 7. What is the units digit of h?
8
Suppose -3*q = -2*r - 5, r - 2 = -3*q - 0*q. What is the units digit of -2*q*148/(-8)?
7
Suppose 38*c - 33*c = 315. What is the tens digit of c?
6
Let q be 0 + (-2 - 0) + 3. Let g be (-10)/q*(-2 - -1). Suppose 3*k = -12, -v + 0*v = -k - g. What is the units digit of v?
6
What is the units digit of 60/45*(0 + 3)?
4
Let p = 13 - 13. Suppose 0 = -3*l - b + 104, p = 5*l - 0*b + 3*b - 176. What is the units digit of l?
4
Let u be (-6 + -1)/(3/(-6)). Let z = u + -21. Let i(m) = -m**2 - 6*m + 9. What is the units digit of i(z)?
2
Let x be (2 - -1)*1 - -1. What is the tens digit of (-414)/(-22) + x/22?
1
Suppose 4*q + 0*i - 126 = -2*i, 4*i = 4*q - 132. What is the tens digit of q?
3
Let w be (-255)/21 + 4/28. What is the tens digit of (-57)/2*w/18?
1
Suppose 189 = 5*w + 49. What is the tens digit of w?
2
Let n(s) = s**3 - 4*s**2 + 10*s - 6. What is the hundreds digit of n(6)?
1
Let l be (-5)/(2 + -1 + -2). Let d(y) = -2*y + 1. Let v(g) = -2*g + 1. Let k(w) = l*d(w) - 4*v(w). What is the units digit of k(-2)?
5
Suppose 6*z = 4*z + 14. What is the units digit of z?
7
What is the tens digit of (-12 + -2)/((-63)/15 + 4)?
7
Let p = 23 - 14. Let h(q) = -2*q**2 - 21*q + 1. Let g(f) = -f**2 - 10*f + 1. Let b(t) = p*g(t) - 4*h(t). What is the units digit of b(-6)?
5
Supp